*m/81)?
2, 3, 5
Let i be -8 - ((-10)/5 - 16). List the prime factors of 6/i - 615659/(-485).
2, 5, 127
Let a = 21 - 48. Let f be ((-8)/6)/(9/a). Suppose -46 = -p + 3*w, f*w = -3*p + 84 + 106. List the prime factors of p.
2, 29
Let n = 24246 - 19836. What are the prime factors of n?
2, 3, 5, 7
Suppose 16 = 4*i, 14*q - 9*q = -4*i + 91861. List the prime factors of q.
3, 13, 157
Let t = 444 - 459. What are the prime factors of 0 + t/(-3) - -43?
2, 3
Suppose -12*w = -17*w + 5. Let q be 1/((w/(-8))/((-8)/16)). Suppose -7*s + 201 = -q*s. What are the prime factors of s?
67
Suppose 7*w + 12 - 12 = 0. Let g = w + 286. What are the prime factors of g?
2, 11, 13
Let r(n) = 9*n**3 - 7*n**2 - 26*n + 312. What are the prime factors of r(10)?
2, 3, 29
Suppose 4*b - 12 = -2*l + 6*l, b = -2*l + 12. Suppose -2*m = 4*y - 1034, y - b = -4. List the prime factors of m.
3, 19
Let k(o) = -o**3 - o**2 + o + 2. Let y(r) = -497*r**3 + 7*r**2 + r - 7. Let m(p) = 6*k(p) + y(p). What are the prime factors of m(-1)?
2, 251
Let d = 51060 + -33314. List the prime factors of d.
2, 19, 467
Suppose 27*c + 34375 - 551209 = 0. List the prime factors of c.
2, 17, 563
Let c = 15124 + -2785. List the prime factors of c.
3, 457
Suppose 3*l = -3*s + 21, 0 = -5*s - 3*l + 42 - 1. Let k(w) = -3 + 3 - s*w - 5 + 11. What are the prime factors of k(-13)?
2, 17
Let u(v) = -v**3 - 48*v**2 - 56*v - 1. List the prime factors of u(-52).
7, 37, 53
Let h = 55680 - 28341. What are the prime factors of h?
3, 13, 701
Let c = 174 + -69. Suppose c + 840 = -3*p. What are the prime factors of p/(-12) + (-2 - (-7)/4)?
2, 13
Let i(p) = 4*p**3 - 5*p**2 + 5*p - 2. Suppose -13*w = -9*w. Let u be 2/1 - (-1 + w). List the prime factors of i(u).
2, 19
Let j(y) = y**3 + 4*y**2 - 2*y + 21. Let h be j(-5). List the prime factors of 1589*(72/42)/h.
2, 227
List the prime factors of (-20480)/(-2) + 8*(9 + 444/(-48)).
2, 5119
Let y(r) = 36*r**2 + 11*r - 32. Let f be y(-6). Suppose 6*w = 3*w - 4*c + f, -4*w + 1589 = -3*c. List the prime factors of w.
2, 199
Let j(v) = 425*v + 25. List the prime factors of j(10).
3, 5, 19
Let d = -54484 + 106377. What are the prime factors of d?
51893
Let o(t) = 7 - t**2 - 94*t + 3 + 7 - 19 + 3. What are the prime factors of o(-16)?
1249
Suppose 2*a = -4*s + 72, -3*a + s = 3*s - 108. Let r = 73 + a. What are the prime factors of r?
109
Suppose 4*o - 1864 = -2*p, -o + 742 - 270 = 2*p. Let i = 51 + -48. Suppose 468 = 2*z + z - i*m, 3*z - 2*m = o. What are the prime factors of z?
2, 19
Let t = 374 - 135. Suppose 2*x - 4 = -f + x, -f = -2*x - 7. Suppose 101 + t = f*v. List the prime factors of v.
2, 17
Suppose 7*o - 11*o = -208. Let m = 601 + -305. Suppose 54*s - m = o*s. List the prime factors of s.
2, 37
List the prime factors of (1272450/35)/6 + (-54)/189.
73, 83
Suppose 2147*f - 2151*f - 2*j = -173006, 4*f + 4*j = 173024. What are the prime factors of f?
59, 733
Suppose a + 21*a + 6028 = 0. Let o = 470 + a. List the prime factors of o.
2, 7
Let w(g) = -2*g**2 - 8*g - 8. Let s be w(-2). Suppose -2*a = 3*h - 974, 7*h - 9*h + 2*a + 656 = s. What are the prime factors of h?
2, 163
Let w(c) = 23456*c**3 - 7*c**2 - 3*c + 9. List the prime factors of w(1).
5, 4691
Let r(g) = 25*g**2 + 16*g + 3. Let z be r(-13). Suppose z = 7*n + 464. List the prime factors of n.
2, 127
Let y be -3 - 9/(-36)*(-4 + 0). Let r be 8/6 + y/(-6). Suppose r*g - 30 = -0*g. What are the prime factors of g?
3, 5
Let p be (1 - -1) + ((-1116)/(-3) - -2). List the prime factors of (-13)/(((-12)/p)/3).
2, 13, 47
Let b = 4920 + -4367. What are the prime factors of b?
7, 79
Let u be (-8)/(-16) - 18/(-4). Suppose u*i = -3*j + 1706, i + 674 = 3*i + 4*j. Let n = -189 + i. What are the prime factors of n?
2, 7, 11
Suppose -b + 1920 = 2*b. What are the prime factors of b?
2, 5
Suppose -4*x - 12 = -3*z, 4*z - z - 5*x = 15. Suppose 3*n - 5*d = 0, 4*n - d - 4*d = z. Suppose -3*c + c + 102 = n. What are the prime factors of c?
3, 17
List the prime factors of 8*2551 - (212 - 217).
137, 149
Suppose -13949 - 101449 = -18*q. List the prime factors of q.
3, 2137
Suppose 659*l - 1260 = 664*l. Suppose -2*y - 1307 = 3*d, y = -d + 190 - 624. Let h = l - d. List the prime factors of h.
11, 17
Suppose 838862 = -10*g + 38*g - 718526. What are the prime factors of g?
55621
Let w(n) = -n**3 - 2*n**2 - 14*n - 8. Let a be w(-6). Let t = a - 54. List the prime factors of t.
2, 83
Let w = -240 - -1165. List the prime factors of 7 + (-33)/6 - w/(-2).
2, 29
Let a(s) = s**3 - 5*s**2 + 5*s - 1. Let k = 104 - 102. Suppose k*n - 2*y = -y + 9, 0 = 3*n + y - 11. List the prime factors of a(n).
3
Let a be (-2)/(-2)*(5 + -6). Let v be 0 - a*(3 + -21). List the prime factors of 51/(-9)*v/3.
2, 17
Let c(q) = 1945*q**2 - 305*q + 1889. List the prime factors of c(6).
70079
Let c(q) = 3*q + 5. Let g be c(-3). Let b(j) = -61*j + 9. Let w be b(g). Suppose w = 4*r - 223. What are the prime factors of r?
7, 17
Let r(m) = -6*m + 3. Let w = -113 - -112. Let g be r(w). List the prime factors of 6/9 + 210/g.
2, 3
Let u(d) = 355*d - 1908. List the prime factors of u(20).
2, 11, 59
Suppose 4*s + 7696 = 2*s - 3*j, -3*s + j - 11566 = 0. Let i = -2742 - s. What are the prime factors of i?
2, 139
Let u(s) = -s**3 + 5*s**2 - s + 9. Let h be u(5). Suppose -h*d + 1974 = 3*p, 19*p + d = 15*p + 2619. List the prime factors of p.
2, 3, 109
Suppose -12*r + 138 = 90. Let s be (-1108)/(-2) - 1 - 0. Suppose r*l - s = -3*l. List the prime factors of l.
79
Let f be (20 - (0 + -3))*3. Let j(x) = -x**2 - 2*x + 13. Let q be j(8). Let r = q + f. What are the prime factors of r?
2
Suppose 59*u - 61*u - b + 15725 = 0, -4*b - 31420 = -4*u. List the prime factors of u.
2, 3, 5, 131
Suppose 384 - 374 = 5*s. Suppose -57*b = 2*x - 58*b - 917, s = 2*b. What are the prime factors of x?
3, 17
Suppose 8 = 5*f - 2. Suppose 12 = 5*m + f. Suppose -4*h + 2*x + 124 = 0, h = -m*h - 3*x + 75. What are the prime factors of h?
29
Let k(f) = 74*f**2 - 20*f - 6. Let h be k(-8). Let x be (216/(-30))/(9/h). What are the prime factors of x/(-22) + 4/22?
2, 89
Let c be ((56/6)/2 + -2)*12. Let p = -32 + c. Suppose 5*m - 2*m = 6, -5*z - m + 17 = p. List the prime factors of z.
3
Suppose 0 = -182*p + 1151794 + 3579742 + 1175274. What are the prime factors of p?
5, 6491
Suppose 3*d + 3*n - 10426 - 29933 = 0, -3*n + 13445 = d. What are the prime factors of d?
13457
Let s = -2804 - -6697. What are the prime factors of s?
17, 229
List the prime factors of (((-28)/30)/((-20)/(-13100)))/(2/(-15)).
5, 7, 131
Let k = 52 - -1045. Let y = k - 748. List the prime factors of y.
349
Let w(p) = 625*p**2 - 5*p + 6. Let d = -214 - -215. List the prime factors of w(d).
2, 313
Let l(o) = 567*o - 11. Let r(x) = 1133*x - 18. Let d(i) = -13*l(i) + 6*r(i). List the prime factors of d(-2).
1181
Let l(y) = -y**3 + 2*y**2 + 9. Let f be l(0). Let q(k) = k**3 - 6*k**2 + 4*k + 11. List the prime factors of q(f).
2, 5, 29
Suppose -3*c = 2*h + 34 - 829, 2*c + 380 = h. What are the prime factors of h?
2, 3, 5, 13
Let a(u) = -5*u - 64. Let z be a(-10). Let c(m) = -m**3 - 12*m**2 + 8*m + 16. What are the prime factors of c(z)?
2, 37
Let v(r) = r**3 - 12*r**2 + 17*r - 7. Suppose -5*m = 5*o - 155, -o = -m - 0*o + 35. Let g = 44 - m. List the prime factors of v(g).
59
Let p be ((-328)/(-5))/(((-32)/20)/(-4)). Let r = p - 116. What are the prime factors of r?
2, 3
Suppose 2*u = -5*q + 38, 0*u = u + 1. Suppose -c + 2 = -l, -c + 3*l = 4*l - q. Suppose 0 = -n - 0*h + 2*h + 242, -c*h + 981 = 4*n. List the prime factors of n.
2, 61
Suppose 15 = -982*r + 985*r. Suppose -3*p - 2*y = -3269, 4347 = 3*p + p + r*y. List the prime factors of p.
1093
Let s(w) = 5*w + 32. Let y be s(-8). Let k be 4*(1 - 2) + y/(-1). Suppose -2*q = 5*h - 298, 4*q = -k*h + 252 + 368. List the prime factors of q.
3, 53
Let v(p) = 10*p**2 + 6 - p**3 - 2 - 9*p**2 + 6*p**2. Let b be v(7). List the prime factors of 469/(-91) - -7 - b/(-26).
2
Let i(h) = 8*h + 2. Let a be i(-1). What are the prime factors of (-4)/a*(625 + 2)?
2, 11, 19
Let x = 2500 + -259. List the prime factors of x.
3, 83
Let f = -15 + 51. Let u = f + -31. Suppose -97 = -k + u*b, 5*k - 581 = b - 0*b. What are the prime factors of k?
3, 13
Suppose -6*s = 4180 + 7448. List the prime factors of (1 + -4 + s)/(12/(-8)).
2, 647
Let 